5
Let b(g) = g**3 - 5*g**2 + 3*g - 5. Let y be b(5). List the prime factors of 0 + (-2 - y*-6).
2, 29
Let k be (-12)/(-42) - 2/7. Suppose 2*m - 29 - 103 = k. What are the prime factors of m?
2, 3, 11
What are the prime factors of (11 - (-33 + -10))*(-20)/(-3)?
2, 3, 5
Suppose -3*x - 7 = -2*c, -20 = 5*c - x + 6*x. List the prime factors of (9/(-6))/(c - 159/(-168)).
2, 7
List the prime factors of (-1*(-144)/(-27))/(6/(-765)).
2, 5, 17
Let x = 13 - 12. Suppose j + 5*t + 0*t + 11 = 0, 0 = j - 5*t + x. List the prime factors of 2/j + (-68)/(-6).
11
What are the prime factors of (-140)/490 + 16132/14?
2, 3
Let m(n) = -13*n**2 - 300*n + 42. What are the prime factors of m(-20)?
2, 421
Suppose 2 = 5*t - 4*i + 1, -4*t = -2*i + 4. What are the prime factors of -3 + 6 + 39 + t?
3, 13
Suppose o + 1 + 1 = -4*m, 0 = 2*o - 5*m - 9. Suppose o*s - 108 - 148 = 0. List the prime factors of s.
2
Suppose 0*y = 5*y + v - 1012, -4*v = 2*y - 412. Suppose y*g + 14 = 204*g. List the prime factors of g.
7
Let s be 7 + (1 - 0/3). Let z(u) = -s*u**3 - 4*u + 3*u**2 + 1 + 23*u**3 + 2*u - 2*u**2. List the prime factors of z(1).
3, 5
Let x(y) = 256*y**2 - 37*y - 112. What are the prime factors of x(-3)?
7, 47
Let l = 6 - 0. Let a(k) = 7*k**2 - 63*k + 35. Let j be a(10). Suppose -l*c = -3*c - j. What are the prime factors of c?
5, 7
Let y(s) = 6*s - 1. Let z be y(6). Suppose -z = -g - 2*j, 0 = -g - 0*g - 4*j + 41. Suppose -5*f = -f - 2*u - 42, g = 3*f - u. List the prime factors of f.
2
Suppose 2*m - 2 = m. Suppose -16 = m*i + 22. Let v = i + 36. List the prime factors of v.
17
Suppose 0 = -d - 2*d. Let v(o) = o**2 + 4*o - 13 + d + 4*o - 2*o. What are the prime factors of v(-9)?
2, 7
What are the prime factors of (14/(-3))/(-7) + (-1267)/(-3)?
3, 47
Suppose 40*m - 5512 = 27*m. What are the prime factors of m?
2, 53
Suppose -38 = -5*x - 3. Suppose 0 = -3*v + p - 8, -2*p - 1 = 2*v - x*p. What are the prime factors of (-6)/(-3 + (-8)/v)?
2, 3
Suppose -7*t + 4679 + 8859 = 0. What are the prime factors of t?
2, 967
Suppose r = -r. Suppose 2*f - 3*j - 87 = r, -3*f = -j - 83 - 58. List the prime factors of f.
2, 3
Let r(s) = -17*s - 7. Let d = -35 + 33. List the prime factors of r(d).
3
Suppose 2*p - 3*a = -0*p + 4632, 0 = p - 3*a - 2319. What are the prime factors of ((-3)/9)/((-3)/p)?
257
Let i(a) = 2*a**3 - 11*a**2 + 21*a + 27. List the prime factors of i(11).
7, 227
Suppose 4392 = 22*s - 6366. List the prime factors of s.
3, 163
Let u(r) = -r**3 - 8*r**2 + 10*r + 13. Suppose 45 = -3*l - 2*l. Let g be l/(3 - (2 - 0)). List the prime factors of u(g).
2
Let z = 62 + -58. Suppose 0*s + z*f = 4*s - 44, s + 3*f = 27. What are the prime factors of s?
3, 5
Let r = -379 + 691. Suppose r = 7*x - x. What are the prime factors of x?
2, 13
Let k be ((-3)/(-2))/(8/(-16)). What are the prime factors of k/(-15) + (-188)/(-10)?
19
Let z(x) = x - 16. Let m be z(17). Let t(r) = -r**2 + r + 8. Let p be t(0). Suppose w = -m + p. List the prime factors of w.
7
Suppose 4*c = -4*u + 7*u + 1988, -c - 5*u + 474 = 0. List the prime factors of c.
2, 13, 19
Suppose 0 = 6*i - 5*i + r, -3*i + 21 = -4*r. Suppose 4*n - 34 = i*n - p, 0 = -2*n - 4*p + 76. Suppose n - 2 = j. What are the prime factors of j?
2, 7
Let r be (92/(-8) - -3)*-2 + -2. Let c(s) = 8*s + 66. What are the prime factors of c(r)?
2, 3, 31
Let k(s) = 3*s**2 - 3*s + 29. List the prime factors of k(12).
5, 17
Let n be (-261)/6*4/(-6). Let r = n + 61. Let g = r + -48. List the prime factors of g.
2, 3, 7
Suppose -522*g + 510*g = -15492. List the prime factors of g.
1291
Suppose -2*f = f - 2*a - 5557, -3*f + 5545 = 4*a. What are the prime factors of f?
3, 617
Let s(i) = -15*i + 13. Let l be s(-7). Suppose -5*m = -0*m + 315. Let d = l + m. What are the prime factors of d?
5, 11
Let i(f) = 5*f**2 + 17*f + 70. What are the prime factors of i(9)?
2, 157
Let l(g) = -g**3 + 8*g**2 - 9*g + 9. Suppose -v = -0*v - 1. Let w be -4 - (1 - (v + 10)). What are the prime factors of l(w)?
3
Suppose 0 = 4*m - 5*f - 2188, 2*m + 541 = 4*f + 1641. List the prime factors of m.
2, 271
Suppose 0 = 3*q + 3, 3*s = 4*q + 30 + 1. What are the prime factors of (-6)/9 - (294/s)/(-1)?
2
Let h = 7 - 3. List the prime factors of (2*(-2)/h)/(5/(-185)).
37
Let s(t) = 60*t**2 - t - 2. Let d be s(-2). Let i be 2/(-4)*d/3. Let w = i - -76. List the prime factors of w.
2, 3
Suppose 25770 = -j + 11*j. What are the prime factors of j?
3, 859
List the prime factors of (-1594)/(-4)*(-29 - -31).
797
Let l(b) = 6*b**2 + 189. What are the prime factors of l(12)?
3, 13
Let z(i) = 13*i. Let h be z(1). Let p = h + -7. Suppose -2*r + p = r. What are the prime factors of r?
2
Suppose g + 3 = 0, 2*m - g = -m - 51. Let b = 51 - m. List the prime factors of b.
3, 23
Let j(r) = -r**2 + 10*r - 6. Suppose -6*m = -m - 35. Let z be j(m). Suppose k - 16 = z. What are the prime factors of k?
31
Suppose -12*c - 3*c - 15 = 0. What are the prime factors of 0 + (1 - c) - -55?
3, 19
Let v = 232 + 4. What are the prime factors of v?
2, 59
Suppose 0 = 5*d - 19 - 326. Suppose -14*m + 265 = d. What are the prime factors of m?
2, 7
Let y(l) = -143*l - 93. List the prime factors of y(-2).
193
Suppose t - 96 = 9*t. Let q(i) = -26*i - 42. List the prime factors of q(t).
2, 3, 5
What are the prime factors of (-1694)/42*(-8 - -2)?
2, 11
Let s be (-80)/100*10/(-1). Suppose -s*m + 1496 = -0*m. List the prime factors of m.
11, 17
Suppose 4*y + 3*r + 2*r - 51 = 0, 0 = -2*y + 3*r + 9. Let l(j) = 2 + 2*j**2 + j**2 - 2*j**2 - 7*j. What are the prime factors of l(y)?
2, 5
Let o = 30 - 27. Suppose -3*z + o*b + 159 = 0, 0*b + b = 2*z - 105. Suppose -r = 3*r - z. List the prime factors of r.
13
Suppose -31 = 16*l - 6783. What are the prime factors of l?
2, 211
List the prime factors of 35/45 + -1 - 26650/(-45).
2, 37
What are the prime factors of 596/6*(-9)/(-3)?
2, 149
Let n(m) = 3*m + 15. Let o(v) = v + 8. Let x(q) = -3*n(q) + 5*o(q). Let a be x(-3). Suppose -1 = c, -h + 3*c + a + 21 = 0. What are the prime factors of h?
5
Let i be 3*(-2)/(6/(-3)). Let q(v) = -7 - i - 7*v + 4. What are the prime factors of q(-4)?
2, 11
Let n be (-20)/6 - 2/3. Let f(g) be the third derivative of -g**5/60 - g**4/4 - g**3 - 2*g**2 + 52*g. What are the prime factors of f(n)?
2
Suppose -7*w + 28*w - 126 = 0. What are the prime factors of (-2 - 0) + 86*21/w?
13, 23
Let g(x) = 69*x + 807. What are the prime factors of g(0)?
3, 269
Let y(f) = 262*f**2 - 14*f + 25. List the prime factors of y(3).
2341
Let g(w) = w**2 - 7*w + 15. Let d be g(5). Suppose 0 = p + d*a - 40, p - 120 = -2*p + 5*a. List the prime factors of p.
2, 5
Suppose 187 = 2*c + c + 2*z, -3*z - 337 = -5*c. Suppose -63*x + c*x = 122. What are the prime factors of x?
61
Let c(q) = q + q + 0*q - 16. Let o be c(11). Suppose 96 = -2*z + o*z. List the prime factors of z.
2, 3
Let y(u) be the first derivative of u**5/30 - 5*u**4/24 - 4*u**3/3 - 4. Let r(p) be the third derivative of y(p). List the prime factors of r(4).
11
Suppose 0 = 7*c - 2*c + w - 4051, -2*c - 2*w + 1614 = 0. Let t = -511 + c. What are the prime factors of t?
2, 3, 5
Suppose 815 = -3*k + 8816. What are the prime factors of k?
3, 7, 127
Suppose -13*f - 4657 = -16*f + 2*h, 0 = -f + 3*h + 1564. What are the prime factors of f?
1549
Suppose w + 4*l - 9*l - 193 = 0, 3*w - 579 = 2*l. What are the prime factors of w?
193
Suppose 0 = 5*i + 4*k - 68, -4*i + 0*k + 67 = -k. Let u = 5 - i. Let z = -6 - u. List the prime factors of z.
5
Let v(w) = -2*w**3 - 3*w**2 - w - 4. Let m be v(-5). What are the prime factors of (9 + -12)/((-6)/m)?
2, 11
Let d = 21 - 71. Let f = d - -134. List the prime factors of f.
2, 3, 7
Let m(b) = -2*b + 6*b - 1 - 1. Let h(d) = -4*d + 1. Let q(w) = 5*h(w) + 4*m(w). What are the prime factors of q(-3)?
3
Let q be 6/(-14) - (-31)/7. Suppose q*v + 8 = -28. Let b = 33 + v. What are the prime factors of b?
2, 3
Let h(r) = r**2 + 14*r + 6. Let d be h(-14). Let z be 1006/d - (-6)/(-9). Suppose -90 = -5*c - 4*b + z, 2*c - 5*b = 83. List the prime factors of c.
7
Let p(r) = 5*r**2 - 7*r - 15. Let h be p(7). Suppose 5*b = 2*n + h, -3*b - 6*n + 4*n = -99. List the prime factors of b.
5, 7
Let p(g) be the second derivative of g**5/20 + 19*g**4/12 + 19*g**3/6 + 22*g**2 + 22*g. What are the prime factors of p(-18)?
2, 13
S